te the remainder when 2631584 is divided by 374.
120
What is the remainder when 70779 is divided by 593?
212
What is the remainder when 19161 is divided by 1312?
793
Calculate the remainder when 535212 is divided by 344.
292
What is the remainder when 9878837 is divided by 3292943?
8
What is the remainder when 605134 is divided by 5986?
548
What is the remainder when 175579 is divided by 2371?
125
What is the remainder when 3078356 is divided by 439733?
225
Calculate the remainder when 94185504 is divided by 39.
36
Calculate the remainder when 59865 is divided by 14765.
805
What is the remainder when 3196682 is divided by 1944?
746
What is the remainder when 84371 is divided by 13919?
857
Calculate the remainder when 41671223 is divided by 1.
0
Calculate the remainder when 10173576 is divided by 2690.
2686
What is the remainder when 65673119 is divided by 3610?
3609
What is the remainder when 12092 is divided by 457?
210
Calculate the remainder when 1265986 is divided by 278.
252
Calculate the remainder when 35540159 is divided by 40.
39
Calculate the remainder when 20200 is divided by 776.
24
Calculate the remainder when 50905 is divided by 9347.
4170
What is the remainder when 1774753 is divided by 886917?
919
Calculate the remainder when 630700 is divided by 210033.
601
What is the remainder when 119716 is divided by 400?
116
What is the remainder when 534161 is divided by 5138?
4947
What is the remainder when 21826124 is divided by 109679?
3
Calculate the remainder when 6352 is divided by 793.
8
Calculate the remainder when 12833 is divided by 12790.
43
What is the remainder when 159386476 is divided by 38?
36
Calculate the remainder when 1942848 is divided by 185.
163
What is the remainder when 16127759 is divided by 116?
47
Calculate the remainder when 5701661 is divided by 61.
52
Calculate the remainder when 49705 is divided by 24725.
255
Calculate the remainder when 357683 is divided by 39726.
149
Calculate the remainder when 254049 is divided by 126957.
135
What is the remainder when 2253294 is divided by 3953?
84
Calculate the remainder when 3935853 is divided by 49198.
13
Calculate the remainder when 5591704 is divided by 56.
48
What is the remainder when 33710 is divided by 2203?
665
What is the remainder when 2420444 is divided by 186187?
13
What is the remainder when 1765394 is divided by 441158?
762
What is the remainder when 7171857 is divided by 1411?
1155
What is the remainder when 23561309 is divided by 906204?
5
Calculate the remainder when 683083343 is divided by 1007.
1005
What is the remainder when 67028 is divided by 130?
78
Calculate the remainder when 20214322 is divided by 1554938.
128
Calculate the remainder when 1303497 is divided by 23699.
52
What is the remainder when 16127 is divided by 24?
23
Calculate the remainder when 7488065 is divided by 1497599.
70
What is the remainder when 197 is divided by 32?
5
Calculate the remainder when 6330 is divided by 2720.
890
What is the remainder when 24939 is divided by 4171?
4084
Calculate the remainder when 2089767 is divided by 3.
0
Calculate the remainder when 381879 is divided by 190725.
429
What is the remainder when 29205829 is divided by 178?
123
What is the remainder when 21854 is divided by 9192?
3470
What is the remainder when 62977728 is divided by 14612?
8
What is the remainder when 105031 is divided by 14995?
66
Calculate the remainder when 366035 is divided by 364375.
1660
What is the remainder when 131342 is divided by 14588?
50
What is the remainder when 135718368 is divided by 4803?
4800
What is the remainder when 53330445 is divided by 383?
376
Calculate the remainder when 60081862 is divided by 60081851.
11
What is the remainder when 23338 is divided by 1632?
490
What is the remainder when 302393087 is divided by 32?
31
Calculate the remainder when 1499070 is divided by 3376.
126
What is the remainder when 37885505 is divided by 18942748?
9
What is the remainder when 2215482 is divided by 584?
370
What is the remainder when 15106 is divided by 136?
10
Calculate the remainder when 6470196 is divided by 956.
944
Calculate the remainder when 934506 is divided by 911.
731
Calculate the remainder when 83906234 is divided by 5593747.
29
What is the remainder when 228687 is divided by 55?
52
Calculate the remainder when 3927279 is divided by 3235.
3224
Calculate the remainder when 146220298 is divided by 5042079.
7
What is the remainder when 14562906 is divided by 196796?
2
Calculate the remainder when 214041 is divided by 71146.
603
What is the remainder when 168525 is divided by 4178?
1405
Calculate the remainder when 6895532 is divided by 360.
92
Calculate the remainder when 2014660 is divided by 4295.
305
What is the remainder when 887786 is divided by 66?
20
What is the remainder when 777521 is divided by 97?
66
Calculate the remainder when 30880782 is divided by 16.
14
What is the remainder when 527465 is divided by 29297?
119
What is the remainder when 8927 is divided by 7233?
1694
Calculate the remainder when 36143955 is divided by 214.
211
What is the remainder when 153283 is divided by 150814?
2469
What is the remainder when 3514558 is divided by 184975?
33
What is the remainder when 75881443 is divided by 75881422?
21
Calculate the remainder when 60865 is divided by 170.
5
What is the remainder when 3285362 is divided by 1642645?
72
What is the remainder when 19664922 is divided by 1504?
122
Calculate the remainder when 8443370 is divided by 122.
116
Calculate the remainder when 171660 is divided by 287.
34
What is the remainder when 1852762 is divided by 463189?
6
What is the remainder when 51334726 is divided by 776?
774
What is the remainder when 7764888 is divided by 155?
8
What is the remainder when 327456 is divided by 211?
195
What is the remainder when 1341223 is divided by 685?
678
What is the remainder when 17916504 is divided by 1110?
1104
What is the remainder when 2895423 is divided by 120642?
15
What is the remainder when 112473545 is divided by 643?
628
What is the remainder when 183956 is divided by 292?
288
What is the remainder when 107817 is divided by 13422?
441
What is the remainder when 1162912 is divided by 576?
544
What is the remainder when 130198 is divided by 32457?
370
What is the remainder when 116962 is divided by 116920?
42
What is the remainder when 302721 is divided by 2085?
396
Calculate the remainder when 42768824 is divided by 275.
274
What is the remainder when 108998 is divided by 27224?
102
What is the remainder when 11837781 is divided by 986449?
393
What is the remainder when 709819 is divided by 1617?
1573
What is the remainder when 194478 is divided by 48495?
498
Calculate the remainder when 34514 is divided by 5736.
98
What is the remainder when 44035 is divided by 1928?
1619
Calculate the remainder when 406018 is divided by 265.
38
What is the remainder when 13146286 is divided by 378?
202
Calculate the remainder when 60911 is divided by 82.
67
What is the remainder when 33326015 is divided by 11108671?
2
What is the remainder when 2617640 is divided by 126?
116
Calculate the remainder when 4017 is divided by 251.
1
Calculate the remainder when 12331333 is divided by 465.
463
What is the remainder when 749696 is divided by 1074?
44
What is the remainder when 1395266 is divided by 1395158?
108
Calculate the remainder when 36795935 is divided by 6.
5
Calculate the remainder when 880147 is divided by 10.
7
Calculate the remainder when 86184 is divided by 879.
42
What is the remainder when 536658 is divided by 219?
108
Calculate the remainder when 2098272 is divided by 78.
72
What is the remainder when 14057822 is divided by 87?
14
Calculate the remainder when 1734674 is divided by 314.
138
Calculate the remainder when 224240040 is divided by 47.
32
Calculate the remainder when 5914768 is divided by 977.
10
What is the remainder when 10841500 is divided by 570597?
157
What is the remainder when 373894 is divided by 373410?
484
Calculate the remainder when 1453756 is divided by 363437.
8
Calculate the remainder when 25784630 is divided by 84.
74
Calculate the remainder when 23196 is divided by 4449.
951
What is the remainder when 3015257 is divided by 13?
11
What is the remainder when 884614 is divided by 